1037/(-15). Let l = r + -51. What is the greatest common divisor of l and 2?
2
Suppose -5*o + 0*q = -q - 63, -o + 3*q + 21 = 0. Suppose 4*d - 50 = -5*w, 0*w + 4*w = 5*d - 83. Calculate the greatest common factor of o and d.
3
Let f be (-40336)/(-3672) + 22/(-374) + (-2)/(-27). What is the highest common divisor of f and 209?
11
Suppose 473 = -i + 702. Let t be (i - -29)*1/3. What is the greatest common divisor of 129 and t?
43
Let x = -62 + 252. Suppose g + x = 185. Let d be ((-24)/g)/((-66)/(-220)). Calculate the highest common divisor of d and 24.
8
Let i(a) be the second derivative of a**3/6 + 85*a**2/2 + 17*a - 3. Let u be i(0). Calculate the greatest common factor of 510 and u.
85
Suppose -3*d - 27 - 1 = 4*q, 28 = -4*q - 2*d. Let b = -4 - q. Suppose 10*w - 11*w + 24 = 0. What is the greatest common factor of b and w?
3
Let l be 3/(-12) + 65/4. Let s(q) = 115*q + 3697. Let a be s(-27). Calculate the highest common divisor of a and l.
16
Suppose -21*h + 84717 - 13716 = 0. Calculate the greatest common factor of h and 690.
69
Let t be (-31793125)/(-1456) + 5/80. Calculate the greatest common divisor of t and 159.
53
Let i = -1952 + 1960. Let o = 25 - -39. Calculate the highest common divisor of o and i.
8
Let t(o) = -9*o + 57. Let s be t(5). Suppose 5*w - 115 = -3*j, 2*w - s = -2*j + 62. Calculate the highest common divisor of 245 and j.
35
Suppose 0*p + 9 = 3*o + 3*p, -30 = -4*o + 5*p. Suppose o*v = -17*v + 308. What is the highest common factor of 35 and v?
7
Suppose 13*a + 3658 + 1295 = 0. Let p = 390 + a. Let q = -116 + 215. What is the highest common factor of q and p?
9
Let m(k) = k**2 - 11*k - 31. Let h be m(14). Let v = -51 + 45. Let s be (v + 4)/((-4)/22). Calculate the highest common factor of h and s.
11
Suppose 66 = 2*a - 4*m, -93 = -2*a - 6*m + m. Let j be 4 + 270/(-65) - (-4491)/a. Calculate the highest common divisor of j and 69.
23
Suppose y - 1065 = -25*f + 24*f, -4*f - 2130 = -2*y. Calculate the highest common factor of 25 and y.
5
Let l(t) = 2*t**2 + 30*t + 11. Let w be l(-15). Suppose -w*a + 8048 = 3186. Calculate the greatest common factor of a and 26.
26
Let z(g) = 0*g - 20 - 4*g - 3*g + 6*g. Let f be z(-25). Calculate the greatest common factor of 15 and f.
5
Let p be (-8)/(-16) - 1450/(-4). Suppose 2*u - p = -13. Suppose 0 = -r - 2*x + 19, 9*r - 6*r + 2*x - 69 = 0. What is the highest common factor of u and r?
25
Let b = -552 + 628. Let a(m) = -34*m + 28. Let h be a(-7). What is the highest common factor of b and h?
38
Let z be 8/28 + 4282/7. Let q be -4 - -10*5*(-98)/(-35). What is the greatest common factor of q and z?
68
Suppose 4*d = 3*t - 67, -56*t - 2*d = -55*t - 39. Suppose 0 = o - 3, 82*o = 2*u + 81*o - t. Let s = -23 - -39. What is the highest common factor of u and s?
16
Let c be 10/4 + 3/(-6). Let v(u) = -5*u**2 - 24*u + 428. Let x be v(7). Calculate the highest common divisor of c and x.
1
Let v(o) = -2*o - 21. Let z be v(-13). Suppose 516 = 4*q - 2*q - 4*h, 0 = -z*q - 2*h + 1254. What is the highest common factor of q and 36?
36
Let p = -332 + 113. Let q = -215 - p. What is the greatest common factor of q and 26?
2
Let l be 12/18 + (-5)/3. Let v be (l/3)/((-6)/324). Suppose 0 = -2*d - 0*d + v. What is the greatest common divisor of 90 and d?
9
Let f(r) = 48*r - 385. Let a be f(9). Calculate the highest common factor of 7943 and a.
47
Suppose 8*w - 3*w - 443 = o, 100 = w - 4*o. Let p = w + -37. Suppose 0 = -5*a - p + 151. What is the greatest common divisor of 4 and a?
4
Let c(m) = 11*m - 36. Let y = 60 - 54. Let i be c(y). What is the greatest common divisor of 240 and i?
30
Let g(a) = -a + 25. Let v be g(14). Suppose -d + 3*u = v, -u + 83 = -5*d - 0*u. Let n = d - -52. Calculate the greatest common divisor of 5 and n.
5
Suppose 0 = -5*b - 5*c, 0 = -2*b - 5*c + 2*c - 4. Let n be (5 + (-2 - (-2)/b))*16. Calculate the greatest common factor of 308 and n.
28
Suppose -10 = -i + 2*i. Let c(z) = z**3 + 10*z**2 + 11. Let w be c(i). Suppose -w = 5*p + 14, -2*p = 2*h - 6. What is the highest common divisor of 1 and h?
1
Let f be 4 + ((6 - 3) + -3)/5. Suppose -104 - 56 = -f*v. Calculate the highest common divisor of 2 and v.
2
Let s be 2/10 - (-212931)/295. Calculate the highest common factor of 6 and s.
2
Suppose 5*k - 1722 = 3*j + 1892, 0 = 2*k - 3*j - 1442. Let b = k - 673. Calculate the greatest common divisor of b and 3.
3
Let q(n) = n**3 - 5*n**2 - 7*n + 10. Let l be q(6). Suppose -3*p = 5*v - 145, l*p - 2*v = 87 + 115. What is the greatest common divisor of p and 400?
50
Let d = -223 - -759. Let k = 143 + -76. Calculate the greatest common divisor of k and d.
67
Let i(p) = -p**3 + 5*p**2 + 8*p - 4. Suppose -32 = 3*q - 47. Let o be i(q). Calculate the greatest common divisor of 9 and o.
9
Let c = -230 + 278. Calculate the greatest common factor of 324 and c.
12
Let g(v) = 4*v**2 - 5*v + 111. Let m be g(8). Let n = -197 + m. What is the highest common factor of 26 and n?
26
Let p = -26 + -80. Let j = 61 + p. Let m be (-936)/j + (-1)/(-5). Calculate the highest common divisor of m and 21.
21
Let h = 1728 - 1201. Suppose -11*b - h = -28*b. What is the highest common divisor of b and 217?
31
Suppose 10400 = 516*k + 284*k. Let x(v) = v**2 + 2*v + 2. Let j be x(4). Calculate the highest common divisor of j and k.
13
Let p be -12*(-6)/(24/16 - 0). What is the highest common divisor of p and 8808?
24
Let n = 830 + -842. Let k be 6/(-36) + (-1 - 2114/n). What is the greatest common factor of 75 and k?
25
Let f be ((-3135)/38)/(3 - (-1)/24*-73). What is the highest common divisor of 2200 and f?
220
Suppose 0 = -32*s + 4429 - 122 + 173. Calculate the highest common factor of s and 3276.
28
Let q be (-8)/((-16)/(-694)) + 4. Let i = q - -354. Calculate the greatest common factor of 869 and i.
11
Suppose 0 = 16*p - 13*p - 6. Suppose 250 = p*o - 58. Suppose -9*a + 170 = -o. Calculate the greatest common factor of a and 144.
36
Let n be (9560/(-6))/(((-1904)/(-84))/(-34)). Calculate the greatest common divisor of 10 and n.
10
Suppose -12*w = -14*w + 7*w - 13760. Calculate the greatest common divisor of 96 and w.
32
Let c = -154 + 162. Suppose 3*d - c = -5*o, -1 = d + 7*o - 9*o. What is the highest common factor of d and 1?
1
Suppose -3251 = -2*b - 2*z - 903, -5*b + 3*z = -5910. Calculate the greatest common factor of 12 and b.
3
Let y be (-14)/(-8 + 120) - (-2)/(16/601). Calculate the highest common divisor of y and 405.
15
Let m = 195 - 120. Suppose 3*x + 4 - 7 = 0, -2*l + 3*x + m = 0. Calculate the highest common factor of 3 and l.
3
Suppose 90*m + 62*m + 678 = 15270. What is the greatest common divisor of 1380 and m?
12
Let v be 97/6 - 5/30. Suppose 10*y = v*y - 24. Suppose -3*h + y*h - 7 = 0. Calculate the greatest common divisor of 56 and h.
7
Let d be (28/8 - 8)*1/(3/(-18)). What is the highest common factor of d and 153?
9
Let o(x) = x**3 + 68*x**2 - 229*x - 92. Let s be o(-71). Calculate the greatest common factor of s and 192.
12
Suppose -2*u - 110 = 3*u - 5*k, 0 = -5*k + 15. Let t = -11 - u. Let b = -6633 - -6649. Calculate the greatest common factor of t and b.
8
Suppose 4*c + 108 - 76 = 4*s, -4*c = -5*s + 38. What is the greatest common divisor of 142 and s?
2
Suppose -418 = 1738*b - 895*b - 865*b. Calculate the greatest common divisor of 10298 and b.
19
Suppose -3*o = 0, -11 = -r - 2*o + 9. Let k = r - -5. Suppose -6*y + n = -4*y - 10, -5*y + 3*n + k = 0. Calculate the highest common divisor of 65 and y.
5
Suppose 5*k - 30 = -5*x - 0, 4*k + x = 33. Suppose -8*a = k*a - 238. What is the greatest common divisor of a and 112?
14
Let c = -42679 + 42691. Suppose -2*s = -3*m + s + 567, 0 = -3*m + s + 557. Let f = -124 + m. What is the highest common factor of c and f?
12
Suppose -72 = -r - 4*d, 2*r + 2*d = -0*r + 126. Suppose -15*x = -890 - 685. Calculate the greatest common factor of r and x.
15
Let r be 366*((-15)/2 - -4 - -4). Let q = 126 - r. Let h = q + 58. What is the highest common divisor of h and 8?
1
Suppose 0 = k - 101 - 51. Let l(w) = 21*w**3 - 147*w**2 + 5*w - 27. Let m be l(7). Calculate the highest common divisor of k and m.
8
Suppose 0 = 36*c + 2267 - 9931 - 2668. Calculate the greatest common divisor of 123 and c.
41
Let l = 69 + -21. Let k(u) = -2*u + 20. Let m be k(0). Let x = -14 + m. What is 